{"id":1503,"date":"2021-02-01T07:46:45","date_gmt":"2021-02-01T07:46:45","guid":{"rendered":"http:\/\/www.tbdevelopment.sk\/?page_id=1503"},"modified":"2023-07-11T10:04:44","modified_gmt":"2023-07-11T10:04:44","slug":"o-nas","status":"publish","type":"page","link":"https:\/\/www.tbdevelopment.sk\/index.php\/o-nas\/","title":{"rendered":"O N\u00c1S"},"content":{"rendered":"\n<div class=\"wp-block-image\"><figure class=\"aligncenter size-large is-resized\"><img loading=\"lazy\" src=\"http:\/\/www.tbdevelopment.sk\/wp-content\/uploads\/2021\/01\/slide3.jpg\" alt=\"\" class=\"wp-image-1443\" width=\"1074\" height=\"428\" srcset=\"https:\/\/www.tbdevelopment.sk\/wp-content\/uploads\/2021\/01\/slide3.jpg 943w, https:\/\/www.tbdevelopment.sk\/wp-content\/uploads\/2021\/01\/slide3-300x120.jpg 300w, https:\/\/www.tbdevelopment.sk\/wp-content\/uploads\/2021\/01\/slide3-768x306.jpg 768w\" sizes=\"(max-width: 1074px) 100vw, 1074px\" \/><\/figure><\/div>\n\n\n\n<hr class=\"wp-block-separator is-style-wide\"\/>\n\n\n<p><strong>Na\u0161a v\u00edzia<\/strong><\/p>\n<p>Na\u0161ou v\u00edziou je by\u0165 partnerom, na ktor\u00e9ho sa d\u00e1 spo\u013eahn\u00fa\u0165 aj v kritick\u00fdch situ\u00e1ci\u00e1ch. Samozrejme, sna\u017e\u00edme sa maxim\u00e1lne t\u00fdmto situ\u00e1ci\u00e1m predch\u00e1dza\u0165. Medzi na\u0161e hlavn\u00e9 hodnoty po\u010d\u00edtame najm\u00e4:<\/p>\n<ul>\n<li>spo\u013eahlivos\u0165 a zodpovednos\u0165<\/li>\n<li>komunikat\u00edvnos\u0165 a otvorenos\u0165<\/li>\n<li>snahu porozumie\u0165 z\u00e1kazn\u00edkovi<\/li>\n<li>jednoduch\u00e9 kreat\u00edvne rie\u0161enia<\/li>\n<\/ul>\n<p>N\u00e1\u0161 \u00faspech je budovan\u00fd na spokojnosti na\u0161ich z\u00e1kazn\u00edkov. Poskytujeme najlep\u0161ie IT slu\u017eby v oblasti mal\u00fdch a stredn\u00fdch spolo\u010dnost\u00ed. Na\u0161e know-how sa sna\u017e\u00edme ka\u017ed\u00fd de\u0148 zlep\u0161ova\u0165 a prisp\u00f4sobova\u0165 potreb\u00e1m na\u0161ich z\u00e1kazn\u00edkov. Sme presved\u010den\u00ed, \u017ee kvalitn\u00e9 poskytovanie na\u0161ich slu\u017eieb n\u00e1m prinesie dlhodob\u00fa prosperitu, spokojnos\u0165 z\u00e1kazn\u00edkov, majite\u013eov aj zamestnancov.<\/p>\n<p>Pri na\u0161ej pr\u00e1ci pou\u017e\u00edvane komunik\u00e1ciu s klientom ako z\u00e1kladn\u00fd n\u00e1stroj. Spolo\u010dnos\u0165 disponuje stabiln\u00fdm t\u00edmom sk\u00fasen\u00fdch \u0161pecialistov a konzultantov. Na\u0161i \u0161pecialisti si priebe\u017ene zvy\u0161uj\u00fa vedomosti \u00fa\u010das\u0165ou na \u0161koleniach, na konferenci\u00e1ch a prezent\u00e1ci\u00e1ch ved\u00facich spolo\u010dnost\u00ed vo svete IT.<\/p>\n<p><\/p>","protected":false},"excerpt":{"rendered":"<p>Na\u0161a v\u00edzia Na\u0161ou v\u00edziou je by\u0165 partnerom, na ktor\u00e9ho sa d\u00e1 spo\u013eahn\u00fa\u0165 aj v kritick\u00fdch situ\u00e1ci\u00e1ch. Samozrejme, sna\u017e\u00edme sa maxim\u00e1lne t\u00fdmto situ\u00e1ci\u00e1m predch\u00e1dza\u0165. Medzi na\u0161e hlavn\u00e9 hodnoty po\u010d\u00edtame najm\u00e4: spo\u013eahlivos\u0165 a zodpovednos\u0165 komunikat\u00edvnos\u0165 a otvorenos\u0165 snahu porozumie\u0165 z\u00e1kazn\u00edkovi jednoduch\u00e9 kreat\u00edvne rie\u0161enia N\u00e1\u0161 \u00faspech je budovan\u00fd na spokojnosti na\u0161ich z\u00e1kazn\u00edkov. Poskytujeme najlep\u0161ie IT slu\u017eby v oblasti [&hellip;]<\/p>\n","protected":false},"author":1,"featured_media":0,"parent":0,"menu_order":0,"comment_status":"closed","ping_status":"closed","template":"","meta":[],"_links":{"self":[{"href":"https:\/\/www.tbdevelopment.sk\/index.php\/wp-json\/wp\/v2\/pages\/1503"}],"collection":[{"href":"https:\/\/www.tbdevelopment.sk\/index.php\/wp-json\/wp\/v2\/pages"}],"about":[{"href":"https:\/\/www.tbdevelopment.sk\/index.php\/wp-json\/wp\/v2\/types\/page"}],"author":[{"embeddable":true,"href":"https:\/\/www.tbdevelopment.sk\/index.php\/wp-json\/wp\/v2\/users\/1"}],"replies":[{"embeddable":true,"href":"https:\/\/www.tbdevelopment.sk\/index.php\/wp-json\/wp\/v2\/comments?post=1503"}],"version-history":[{"count":5,"href":"https:\/\/www.tbdevelopment.sk\/index.php\/wp-json\/wp\/v2\/pages\/1503\/revisions"}],"predecessor-version":[{"id":1567,"href":"https:\/\/www.tbdevelopment.sk\/index.php\/wp-json\/wp\/v2\/pages\/1503\/revisions\/1567"}],"wp:attachment":[{"href":"https:\/\/www.tbdevelopment.sk\/index.php\/wp-json\/wp\/v2\/media?parent=1503"}],"curies":[{"name":"wp","href":"https:\/\/api.w.org\/{rel}","templated":true}]}}